w.
2
Let a = -33 + 58. Let r(z) = -7*z**2 - 25*z - 4. Let x be r(-4). Let j = x + a. What are the prime factors of j?
3
Let g = -405 + 754. List the prime factors of g.
349
Suppose -q - j + 36 = 0, -q - 4*j + 14 = -19. Let z be (-2)/(-4)*(q + -1). Suppose -2*l = -l - z. List the prime factors of l.
2, 3
Let k = 0 - -3. Suppose 4 + 14 = k*h. Suppose 3*u + h = 0, -z - 5*u = -2*z + 20. What are the prime factors of z?
2, 5
Suppose -4*r + 0*r = 0. Let v be (-99)/9 - (r - 3). What are the prime factors of (3/4)/((-1)/v)?
2, 3
Let c(r) = 83*r - 136. List the prime factors of c(6).
2, 181
Let u = 9 - 12. List the prime factors of 3/((-69)/(-22) + u).
2, 11
Suppose -2*n + 3*y = -953, 3*n - 2*y = 922 + 520. List the prime factors of n.
2, 11
Let b = 10 + -8. Let a be b/3 + (-10)/(-3). Suppose -a*r + 21 = -3*r. List the prime factors of r.
3, 7
Suppose 4*h - 1576 = -4*f, 1203 = 4*f - f - 4*h. List the prime factors of f.
397
Suppose -18*v + 10109 + 45385 = 0. List the prime factors of v.
3083
Let m(u) = -u**3 + 2*u + 239. Let q be m(0). Suppose 5*t - q = -29. List the prime factors of t.
2, 3, 7
Let z(g) = g - 8. Suppose 7*q - 109 = -4. What are the prime factors of z(q)?
7
Suppose -2*k - 3*q = -51, 0 = k - 2*q + 7*q - 15. What are the prime factors of k?
2, 3, 5
What are the prime factors of 1310/(-5)*34/(-4)?
17, 131
Let j(h) = -h**2 - 15*h - 1. Let y be j(-8). Suppose 23 = 2*d + 5*u, -2*d = 2*d + u - y. What are the prime factors of d?
2, 7
Let c(p) = p**2 + 11*p + 67. Let i = -27 - -11. List the prime factors of c(i).
3, 7
Suppose -w = -3*y - 21, -w + 5*y + 38 = w. Suppose -w*t = -8*t - 54. List the prime factors of t.
2, 3
Suppose 0 - 13 = 13*d. List the prime factors of (1 + 52)/1 - 3*d.
2, 7
Suppose 4*p + l - 15271 = 5171, -5*p + 3*l = -25544. List the prime factors of p.
2, 5, 7, 73
Suppose -5*c + 535 = 70. List the prime factors of 1*1/(-1) + (c - -4).
2, 3
Suppose -a = -4*v + 10, -3*a + v - 4 - 4 = 0. Let t(r) = 6*r**2 + 4*r + 5. List the prime factors of t(a).
3, 7
Let r = 2255 + 4097. What are the prime factors of r?
2, 397
List the prime factors of (-19050)/(-10) - -13 - (2 + 0).
2, 479
What are the prime factors of ((-48)/(-18))/(-8) + 3484/12?
2, 5, 29
Let h be (-2 + 5)/(-3) + -55. What are the prime factors of (-40)/(-7) + (-16)/h?
2, 3
Suppose -q + 442 + 1940 = 0. List the prime factors of q.
2, 3, 397
Suppose 3*g + 2*g + 4*b = 1910, 4*b - 1146 = -3*g. What are the prime factors of g?
2, 191
Suppose -10*i = 8*i - 13896. What are the prime factors of i?
2, 193
Let v = -78 + 475. Suppose 0 = 3*y - 2*j - v, 4*y = 4*j - 2*j + 528. List the prime factors of y.
131
Suppose -7*q = -6*q - 15. List the prime factors of q.
3, 5
What are the prime factors of ((-844)/(-3))/((-9)/(-27))?
2, 211
Let n(s) be the second derivative of 1/2*s**2 + 2*s + 25/12*s**4 + 0 - 1/3*s**3. What are the prime factors of n(1)?
2, 3
Let h(g) = g**2 + 8*g + 12. Let b(z) = -4*z + 3. Let y(m) = m + 1. Let n(l) = b(l) + 2*y(l). Let v be n(6). What are the prime factors of h(v)?
5
Let b = 332 + 43. List the prime factors of b.
3, 5
Let x = -21 - -7. Let v = 21 + -2. Let a = x + v. What are the prime factors of a?
5
Suppose -3*c + t + 5663 = 0, c - 363 = -t + 1526. What are the prime factors of c?
2, 59
Suppose 5*g + 3*u - u + 684 = 0, 702 = -5*g + 4*u. Let m = 244 + g. What are the prime factors of m?
2, 53
Let k be (-378)/35 + (-2)/10. Let z = -11 - k. What are the prime factors of 7 + z*3/3?
7
Suppose -4*g + 3*o + 95 = 0, -3*o + 0*o - 55 = -2*g. Suppose g*j + 64 = 21*j. List the prime factors of j.
2
Suppose -6*l - 1255 + 5551 = 0. What are the prime factors of l?
2, 179
Suppose 0 = -4*d - 2*s + 4869 + 5151, -3*s = 2*d - 5014. List the prime factors of d.
2, 313
Let r be 6/4*(-16)/(-6). Suppose 9*w - 4*w = -2*z + 21, 0 = r*w - z - 9. Suppose -w*l = -l - 38. List the prime factors of l.
19
Let o be 28/((-1)/(-2)*-1). What are the prime factors of (o/(-20))/(6/105)?
7
Let c be (-2)/(-9) - (-411)/(-27). Let z = -9 + c. Let l = 48 + z. What are the prime factors of l?
2, 3
Let m be -1 + -3 - (-8 - (9 + -13)). Let w(a) be the first derivative of -a**2/2 + 10*a + 1. List the prime factors of w(m).
2, 5
Let a be 1*(3 + -4) - -8. Let j(d) = 8*d + 12. List the prime factors of j(a).
2, 17
What are the prime factors of ((-2)/9)/(-1) + (-89306)/(-126)?
709
Let l(u) be the first derivative of 3*u**2/2 + u + 1. Let v be l(-1). List the prime factors of 5/v*132/(-15).
2, 11
Let x(i) = 9*i + 7. Let k(y) be the second derivative of -5*y**3/6 - 3*y**2/2 + 11*y. Let j(u) = -5*k(u) - 2*x(u). What are the prime factors of j(4)?
29
Let w = 24 - 12. Suppose -3*v = v - w. Let g(d) = -d**3 + 4*d**2 + 4*d + 2. What are the prime factors of g(v)?
23
Suppose -5*g = -3*g - 2. Suppose -5*y + b = 11, -3*b = 2*y + y + 21. What are the prime factors of (-1)/g - (y - 0)?
2
Suppose -60*o = 12*o - 174024. List the prime factors of o.
2417
Let a = -123 + 127. Suppose -5*q + 8*q - 358 = -a*y, 452 = 4*q - y. List the prime factors of q.
2, 3, 19
Let c(o) = -37*o**2 + 6*o + 19*o**2 + o**3 + 3 + 25*o**2. Let r(v) = v**3 + 6*v**2 + v. Let n be r(-6). What are the prime factors of c(n)?
3
Let r = 635 + -347. List the prime factors of r.
2, 3
Suppose 246 = 2*r + 2*z - 0*z, -r + 143 = 5*z. Let i = r - -15. What are the prime factors of i?
7, 19
List the prime factors of 1164*10/15 - 7.
769
Suppose -28156 = -49*z + 105075. List the prime factors of z.
2719
Suppose -5*o = -2*o + 2*c - 3323, 2*o = -3*c + 2222. List the prime factors of o.
5, 13, 17
Let f(p) = 2*p**3 + 85*p**2 - 47*p + 42. What are the prime factors of f(-43)?
2, 107
Let l(g) = g**2 + 4*g - 9. Let s be l(-6). What are the prime factors of s*15 - (11 + -15)?
7
Let d(o) be the third derivative of o**5/30 + o**3 + 2*o**2. Let n(w) = 27*w + 247. Let f be n(-9). What are the prime factors of d(f)?
2, 19
Let w be 12/5 - 3/(-5). Suppose 0 = -3*d - k + 246, 0 = 4*d - 5*k - 161 - 186. Suppose c + d = 4*p, -5*p - 3*c + 31 = -w*p. What are the prime factors of p?
2, 5
Let k = 22 + -32. Let w = -50 + 73. Let o = k + w. List the prime factors of o.
13
Let a(m) = 2*m**2 - 8*m + m**2 - 38 + 34. List the prime factors of a(-3).
47
Let u(n) = n - 5. Let m be u(6). Suppose -3*q - m = -2*b, 4*q - 3*q + 1 = b. Suppose 3*i = 5*w - q + 33, 4*i = -4*w + 64. List the prime factors of i.
2, 7
Suppose -61867 = -22*l + 32425. What are the prime factors of l?
2, 2143
Let l(y) = -3*y**2 + 4*y - 2. Let t(v) = 7*v**2 - 7*v + 5. Let d(k) = 9*l(k) + 4*t(k). Let q be d(-8). Suppose p - q*p + 26 = 0. List the prime factors of p.
2, 13
What are the prime factors of ((-11958)/30 + -5)/(2/(-5))?
1009
What are the prime factors of 4750/9 + 5 + 215/(-45)?
2, 3, 11
Let a(l) = 72*l - 13. Let h be a(9). Suppose 175 - h = -5*d. List the prime factors of d.
2, 23
Suppose 4*g - x - 22 = 0, -20 = -g - 3*g + 2*x. Let s(d) = d**3 - 4*d**2 - 3*d - 7. List the prime factors of s(g).
47
Let x = 4629 - 2171. List the prime factors of x.
2, 1229
Let k(u) = -307*u + 35. List the prime factors of k(-4).
3, 421
List the prime factors of ((-82)/(-6) + -1)/(20/1230).
19, 41
Suppose -t + 2*c = -1747, 0 = 4*t - 6*t + 3*c + 3490. What are the prime factors of t?
37, 47
Suppose 3*q - 2*n + 417 = 4342, -4*n = 20. What are the prime factors of q?
3, 5, 29
Suppose 0 = m - 2*i - 31, 4*m + 3*i = -m + 116. Suppose -2*b - 4*h - 4 = -6*b, -5*h = 5*b - m. List the prime factors of (-99)/(0 - b) + -1.
2
List the prime factors of 1574/4 + ((-18)/4)/9.
3, 131
Suppose 0 = -r + 8 - 3. Let l(j) = 31*j - 43. What are the prime factors of l(r)?
2, 7
Suppose 0*c - 907 = -c. What are the prime factors of c?
907
Suppose 0 = 33*m - 4477 - 84590. List the prime factors of m.
2699
Let r = -2208 - -3121. List the prime factors of r.
11, 83
Let t be (-16)/6*24/(-16). Let n be 4/8 - (-146)/t. Suppose -5*f + 53 + n = 0. List the prime factors of f.
2, 3
Let a = -105 - 3. Let l = -79 - a. List the prime factors of l.
29
Let w = -384 - -3583. What are the prime factors of w?
7, 457
Let f(y) = 6*y**3 - 5*y**2 - 14*y + 29. List the prime factors of f(8).
17, 157
Let k(j) = 85*j**2 - 3*j + 17. What are the prime factors of k(3)?
773
Let x = 1 + 1. List the prime factors of x/3*270/4.
3, 5
Let j = 12 - 21. Suppose 0 = -9*t + 11*t + 30. What